e
Let a(o) = -o**3 - 12*o**2 - 11*o + 2. Let w be a(-11). Suppose -w*p = 86 - 92. Suppose -p*j + 3*n + 2766 = 0, -5*j + 0*j = 5*n - 4600. Is j a prime number?
False
Suppose -9 = 3*p - x, 5*p + 3*x - 4 + 33 = 0. Is (p - -3)/(12/(-17448)) a composite number?
True
Let k be (2 + -1)/(10/(13*-20)). Is 2957/2 + k/52 a composite number?
True
Let f = -4284 - -41527. Is f a prime number?
True
Let q be (36/45)/((-3)/175590*3). Let r = q + 30250. Is r composite?
True
Let t be (821 - 0)/((1 - -10) + -10). Suppose t - 5039 = -6*u. Is u a composite number?
True
Suppose 4*r = -a + 72, 5*r = a + 3*a + 90. Suppose 6*b = 9*b + r. Is 2/b*((-8463)/(-1))/(-7) prime?
False
Suppose 0 = -2*q + 3*o - 5, 4*o + 149 - 169 = 0. Let p = 1 - 1. Is q + p - (1 - -1) - -106 prime?
True
Let f(g) = g**2 + 3*g - 11. Let w be f(-6). Suppose -w*h = -42 - 7. Let y(c) = 7*c + 6. Is y(h) a prime number?
False
Let v = -49 - -54. Suppose -2*q = -x - 31567, 11*q = 7*q - v*x + 63127. Is q a prime number?
False
Let x = -44 + 48. Suppose 3 - 7 = x*u, 3*u + 1655 = z. Let k = -513 + z. Is k a composite number?
True
Suppose -m + 2 = 0, -4*i + 133306 = 5*m - 10*m. Is i a composite number?
False
Let r = -160 + 167. Is 41281/r - 6/21 composite?
False
Let d(t) = 23*t - 42 - 44 + 12. Let y(r) = 12*r - 37. Let h(b) = 4*d(b) - 9*y(b). Is h(-15) a composite number?
False
Suppose 5*b - 36 = -3*i + 14, 13 = 4*b - 3*i. Suppose 0*x = -b*x + 110551. Suppose 5*y - x = -5538. Is y a composite number?
True
Let g be -6*(-3 - 10/(-4)). Let t be g + -3 - (-6 - -3) - 1. Suppose -3052 = -t*p - 2*p. Is p prime?
False
Let y(k) be the second derivative of 11*k**6/360 - k**5/24 + k**4/8 + 11*k**3/6 + 20*k. Let v(u) be the second derivative of y(u). Is v(3) a prime number?
False
Let v be 2/(-2 + 1) + 1 + 6. Suppose 0*g - 4845 = -v*g. Suppose -5*l = -806 - g. Is l composite?
True
Let u(f) = -2580*f - 10057. Is u(-89) a prime number?
False
Suppose -6*b + 4*b - 2*a = 0, -5*b - a = 0. Suppose b = -9*d + 10*d - 377. Is d a prime number?
False
Let k(r) = 396*r + 5. Let u(z) = 10*z - 17. Let c be u(8). Let s = 64 - c. Is k(s) a prime number?
True
Suppose -21546 = -q + 2*h, 43072 = 11*q - 9*q + h. Let d = q - 13025. Is d composite?
False
Suppose -1224522 + 41756 = -26*s. Is s a prime number?
True
Let b = 173 + -171. Suppose -b*j - 2 = 0, -6*j + 10220 = 5*w - j. Is w a composite number?
True
Let i be (-9699)/(7 - (-155)/(-20)). Suppose 5*v = 5*l + 19741 - 3576, -4*v = 5*l - i. Is v a prime number?
False
Let o(n) be the second derivative of 53/2*n**2 + 0 + 1/3*n**3 + 5*n. Is o(12) composite?
True
Let u = 92 + -80. Let z(g) = -g**3 + 13*g**2 - 9*g - 24. Let i be z(u). Is 4593/9 + 8/i a prime number?
False
Let n = 9322 + -1217. Suppose -1994 = 9*y - n. Is y composite?
True
Suppose 0 = 2*f - 14 + 70. Let k = 495 + -502. Let s = k - f. Is s prime?
False
Let p(u) = u + 7. Let q be p(4). Suppose 6*b = q*b - 35. Suppose -90 = -b*g + g. Is g composite?
True
Is (86163 - -1) + (21 - 11) + (-7 - -2) a composite number?
True
Let x = 596532 + -419534. Is x composite?
True
Let b(c) = c**3 + 5*c**2 + 5*c + 8. Let g be b(-4). Suppose -l + 8 = -3*u - 2*u, -g*l - 2 = -3*u. Let f(m) = -5*m**3 + 3*m**2 - 1. Is f(l) prime?
False
Suppose 23*r - 24*r - 32 = 0. Let d be 9/4 - 24/r. Suppose -3*o = -n + 410, 3*n - o - 1175 = -d*o. Is n composite?
True
Let x(g) = -g**3 - 7*g**2 + 3*g + 9. Let a be x(-7). Let l(d) = d**3 + 14*d**2 + 7*d + 19. Is l(a) composite?
False
Let d be (3 + (0 - 2))/(3/(-3)). Is ((-708)/(-18) + 3)/(d/(-177)) a prime number?
False
Suppose 0 = 109*g - 33157882 + 9651705. Is g a composite number?
False
Let g be (-2 + (1 - -2))*-3 + 2. Let y be 51/9 + (-2)/6*g. Suppose y*j - 5*j = 877. Is j prime?
True
Suppose s - 1 = -0*s - b, b + 17 = 2*s. Is ((-2)/s)/((-121812)/121806 + 1) composite?
True
Let l(v) be the second derivative of -2785*v**3/6 - 4*v**2 + 114*v. Is l(-1) composite?
False
Suppose -a = -2*v - 16341, -4*a + 2*v - 5*v = -65375. Let m = -1870 + a. Is m composite?
True
Let z(y) = -2*y - 23. Let c be z(-1). Is (-6)/c + 472308/84 prime?
True
Let l = 13 - 10. Suppose 2236 + 2297 = l*n. Is n prime?
True
Let x be (-1)/(-2)*0*(-1 + 0). Suppose -7 + 3 = m, x = 4*c - 2*m - 3328. Suppose 4*r = 2*r + c. Is r composite?
True
Let i = 150855 + -1834. Is i a prime number?
True
Suppose 4*w - 144 = -8*w. Is (4 - 8)*(-699)/w composite?
False
Let t(m) = 0 + 2 + 2 - 17 + 2523*m. Is t(2) a composite number?
True
Let x = 38182 + -25415. Is x a prime number?
False
Let u(r) = -83*r + 72. Let m be u(-27). Suppose -1184 = -2*o + 5*x + 3438, -m = -o + 2*x. Is o a prime number?
False
Let q = 798958 + -546599. Is q a prime number?
True
Is (-84)/(-98) - 273620/(-28) a prime number?
False
Suppose 0 = -4*t - 66 + 210. Suppose 13*r = r - t. Is (-23)/(-4 + (-1144)/(-164) + r) a prime number?
False
Let r(d) = 329*d - 12. Let c be r(6). Suppose 3*k - 9774 = 5*h + 4*k, 2*k + c = -h. Let g = 1129 - h. Is g prime?
True
Let j(z) = 5*z**3 - 37*z**2 - 36*z + 289. Is j(59) composite?
False
Let z = -30 + 28. Let l be 1*z - -14 - (-9 + 9). Suppose -l*k + 10*k = -166. Is k prime?
True
Suppose 0 = -2*k + 2*f - 570, -2*f - 419 = -4*k - 1567. Let t = 5109 - 6312. Let c = k - t. Is c a prime number?
False
Let j(h) = 10479*h**2 + 187*h - 33. Is j(2) a composite number?
False
Suppose -39*y + 10118734 = 1888213. Is y composite?
False
Let d = 167931 + 86320. Is d a composite number?
True
Let l be (-15)/35 - (-5 + (-12)/(-21)). Suppose 4*d = -5*a + 2956 + 4771, l*a = 2*d + 6166. Is a prime?
True
Suppose 13*z - 617338 = 125209. Is z prime?
True
Suppose -3637589 - 2045697 = -8*i - 1888830. Is i composite?
False
Let c(h) = -9*h**3 + 5*h**2 + 7*h + 13. Let s = 115 + -119. Is c(s) a composite number?
False
Let m = -710520 + 1426829. Is m a prime number?
False
Let p be 4 + (-4)/(16/(-60)). Let c = -23 + p. Is c/(-3 - 5/(-3)) a composite number?
False
Suppose -5*y - 3*t = -12 + 1, 4*y + 3*t - 7 = 0. Let s be 1971/y - -3*(-1)/(-12). Suppose -59*u = -60*u + s. Is u a composite number?
True
Suppose 0 = 3*l + 4*r + 275185 - 1413222, 2*r + 379329 = l. Is l a prime number?
False
Suppose 22*y = 21*y + 2. Suppose -4*g + y*o = 4*o - 34188, 5*g - 42721 = o. Is g a prime number?
False
Let t(s) = 5*s**3 - s**2 - s. Let u be t(2). Suppose 0 = 61*f - 137*f + 2280. Suppose f*v - u*v = -4036. Is v a composite number?
False
Let q = -308 + 308. Suppose -1 = -k - 0*k. Is (-419)/(q - (0 + k)) prime?
True
Let o(b) = 2*b - 16. Let h be o(6). Let z be (-2)/h*(-5 - -6 - 7). Is 9715*z/(-12) - (-2)/8 prime?
False
Let b(i) = 54*i + 35 - 68*i - 149*i. Let r be b(8). Is r/(-12) + 5/20 a composite number?
True
Let a = -6 + 30. Let x(d) = -d**3 + 26*d**2 - 38*d + 89. Is x(a) composite?
True
Let y(j) = j**2 - 3*j - 10. Let k be y(-5). Is 63720/k - 10/(-2) composite?
False
Let f(d) = 98*d**3 - d**2 + 5*d - 3. Let u be 8/14*63/(-108)*-6. Is f(u) composite?
False
Suppose -3*q = -13*c + 9*c + 83, -5*q = -15. Suppose 4*t = c*t - 76817. Is t composite?
True
Suppose 37*m = 17281 - 407483. Let q = 43 - m. Is q prime?
True
Let k = -50493 + 72674. Is k composite?
True
Suppose -5*d + 2*i - 3*i = -56, i = 5*d - 54. Suppose d*w = 6996 + 3641. Is w composite?
False
Suppose -15411 = -2*l + w + 22076, l - 18749 = -5*w. Suppose -147 - l = -9*m. Is m a composite number?
False
Suppose -3967863 = -9*w + 2533953. Suppose 22*f + 186482 = w. Is f a prime number?
False
Suppose -4*x = -4*s - 20, 0 = -s - 0*s - 2. Suppose 0 = -x*h - h - 4. Is (-24535)/(-15) + 3 - h/3 a composite number?
True
Let k be (26/(-10) - -1)/(4/(-10)). Is k*((-52)/16 + 4) - -828 a composite number?
True
Let t = 56 - 34. Let x = t - 22. Suppose x = -5*h + 5116 + 79. Is h a prime number?
True
Is (157/471)/(1/(-3)) - -344*757 a prime number?
False
Suppose g - 434 = -3*d, 11*d - 3*g = 13*d - 280. Suppose d + 65 = m. Is m composite?
False
Let k(z) = 773*z + 76. Let o be 8 + (-1 - 0)*-1. Is k(o) a composite number?
True
Let i(p) = 4*p**2 + 24*p + 5. Let c be i(-9). Suppose c*b = 104*b + 19161. Is b a prime number?
True
Suppose 0 = -19*u + 9*u - 20. Is (36/9)/8*(-12956)/u a prime number?
False
Is 3/7*180555809/471 a prime number?
True
Let p(k) = -38*k + 470. Let s be p(12). Suppose -3*m + 9 = -21. Suppose -s*q + 716 = -m*q. Is q prime?
True
Suppose -97*y = 1634676 - 6274865